(w) = -w**2 - 6*w + 9. Calculate p(h).
-7
Let f(p) = -16*p - 1. Suppose -6 = -2*y - 4. Give f(y).
-17
Let i be 159/(-3) - (-1 + -1). Let q be (-4)/6 - i/9. Let r(t) = -10*t + 1. Let n(f) = -3*f. Let o(w) = -7*n(w) + 2*r(w). Give o(q).
7
Let v(z) be the first derivative of z**3/3 + z**2 + z + 3. Suppose -4*w + 35 = w. Suppose 6 = -2*b + 4*b - 2*y, 3*y = 4*b - w. Give v(b).
1
Let w(p) = -p**3 - 13*p**2 - 12*p. Let i be w(-12). Suppose i = g - 2*g - 1. Let v(s) = 12*s**2. Give v(g).
12
Let m(t) be the second derivative of -t**5/20 + 2*t**4/3 - 7*t**3/6 - 5*t**2 + 42*t. Give m(7).
-10
Let q(w) = -14*w + 44*w - 22*w. Give q(-2).
-16
Suppose -5*a = -n + 5, 0*a - n = -4*a - 5. Let z(c) = 0 + a + c. Determine z(6).
6
Suppose 2*p - p - 4 = 0. Let g(q) = q**2 - 4*q. Let d be g(5). Let l(j) = -3*j**2 - 3 + d*j**2 + 5*j - 3*j**2. Give l(p).
1
Let y(i) be the second derivative of -i**4/12 - 13*i**3/6 - 2*i**2 - 13*i. Calculate y(-13).
-4
Let c(q) = -q + 5 + 3*q + q - 4*q. Determine c(6).
-1
Let q(u) = -u + 1. Let z(p) = 7*p - 8. Let g(o) = -4*q(o) - z(o). Determine g(3).
-5
Let n(o) = o + 4. Let u be n(-2). Let h(k) = -k**2 - 8*k + 12. Let g be h(-9). Let d(z) = 2 + 0*z**2 - 32*z - u*z**3 + g*z**3 - 6*z**2 + 37*z. What is d(5)?
2
Let y(q) = q - 2. Let f = -6 + 9. Let r be y(f). Let x(v) = 5*v. Calculate x(r).
5
Let p(o) be the second derivative of o + 1/6*o**3 + 1/2*o**2 + 1/12*o**4 + 0. Let r(b) be the first derivative of p(b). What is r(-5)?
-9
Let c(v) = v**2 - 9*v + 1. Let n(i) = -i + 1. Let r(g) = c(g) - 2*n(g). What is r(8)?
7
Suppose -2*f + 12 = -f. Suppose 5*n - f - 3 = 0. Let p(b) = -b**2 + 2 - 2*b + 5*b + 0 + 0*b. Calculate p(n).
2
Let r(z) = z**3 - 5*z**2 + 4*z - 2. Let a be r(4). Let n(c) be the third derivative of c**6/60 + c**5/20 - c**4/24 - c**3/3 - 6*c**2. Calculate n(a).
-4
Let q = 3 - -2. Let z(y) = q - y**2 - 5 - y**2. What is z(-2)?
-8
Let p(i) = i**2 - 4*i - 5. Let r(v) = -5*v**2 + 16*v + 20. Let b(s) = 9*p(s) + 2*r(s). Give b(-4).
-5
Let a(n) = 2*n**2 - 3*n - 2. Let i be (-6)/(2 + 1) - -18. Let c = i - 13. Give a(c).
7
Let t(g) = g**2 + g + 1. Let a(n) = 3*n**2 - 2*n + 1 + 0*n**3 + 5*n - n**3 + 2*n. Let h(u) = -a(u) + 4*t(u). Suppose -3*r - r = 0. Calculate h(r).
3
Suppose 3*o = -0 - 6. Let m be 7 + (2 - (-1 - o)). Let u(i) = -m*i**2 + 3*i**2 - 6 + 2*i**3 - i**3. Give u(5).
-6
Let t(b) be the second derivative of -b**4/12 - b**3/6 - 4*b**2 + 11*b. What is t(0)?
-8
Let z(j) = -j**2 - 7*j - 13. Let q(g) = -g**2 - 7*g - 14. Let r(k) = 6*q(k) - 7*z(k). Let w(a) = a**3 + a**2 + a - 5. Let y be w(0). Calculate r(y).
-3
Suppose -5*d + 5 = -0*d. Let o(b) = 2 + b - 2 + 4*b**2. What is o(d)?
5
Let q be 1/((-5 + 6)/(1 + 0)). Let y(k) be the second derivative of k + 0*k**2 + 0 + 2/3*k**3. Give y(q).
4
Let d(p) = p + 0 - 6 + 3*p + p**2. Let x = -12 - -6. Determine d(x).
6
Let m(y) = -y**2. Suppose -p = -2*p, 2*h - 2*p = 0. Let l be 1/(h - 1/(-3)). Suppose -r + 3*x = -5, -2*r - l*x = 2*x + 12. Calculate m(r).
-1
Let n(v) = -2*v - 1. Let f be n(2). Let j(g) = 3*g + 3. Let a(z) = z + 1. Let r(w) = -5*a(w) + 2*j(w). What is r(f)?
-4
Let g be 4*6/4 - 0. Let f = 11 + -8. Suppose 10 = g*d - d, 3*p = -f*d. Let w(r) = r**3 + r**2 - 4*r - 3. Determine w(p).
1
Let i be ((-1)/(-3))/((-3)/45). Let c = -1 + i. Let w(v) = -v**3 - 7*v**2 - 5*v + 6. Give w(c).
0
Let w(o) = 1 + 7*o**3 + 11*o**3 - 3*o**2 - 17*o**3 - 4*o. What is w(4)?
1
Let n(v) be the first derivative of -2*v**3 - 1/4*v**4 - 3 - 3*v - 3*v**2. Determine n(-5).
2
Let j be (5/5)/(1/(-18)). Let p = j + 13. Let t(l) = -l + 4*l - 2 + l**2 - 2. Determine t(p).
6
Let k(q) = 5*q + 11. Let d(t) = -t - 1. Let b(p) = 6*d(p) + k(p). Let z = -9 + -6. Let s = -11 - z. Determine b(s).
1
Let q(c) be the first derivative of c**3/3 - 3*c**2 - c - 1. Suppose -l - 4 = 3*b + 38, 3*b - 66 = 3*l. Let v be 9/6 - l/6. Give q(v).
-1
Let n(v) be the first derivative of 7*v**2/2 - v + 16. Calculate n(1).
6
Let h(v) be the second derivative of v**4/6 + 7*v**3/6 - v**2 + v. Suppose 25 = -4*b - b. Give h(b).
13
Let d(k) be the third derivative of k**5/30 + k**4/24 - k**3/3 - k**2. Let h = 5 - 3. Suppose 0 = 4*g - 6 - h. Give d(g).
8
Let x(o) = 5*o**3 + 5*o**2 + 6*o + 1. Let w(j) = -j**3 - j**2 - j. Let f(q) = 6*w(q) + x(q). Determine f(1).
-1
Suppose -3*g + 2*t = -7, 0 = -3*t - 1 - 5. Let p(c) = -5*c**2 - 2*c + 1. Let y be p(g). Let i = y - -4. Let x(d) = 2*d - 2. What is x(i)?
-6
Let o(a) = 7*a**3 + 8*a**2 + 2*a. Let t(f) = 3*f**3 + 12*f**2 + 4*f + 8*f**3 - f. Let n(x) = -8*o(x) + 5*t(x). Give n(-4).
4
Let i(j) = j + 10. Let t be i(-9). Let f be (0 - -1) + 3/t. Let z(w) = 0*w**2 + w - w**2 + 3 - f*w - 4. What is z(-4)?
-5
Suppose -2 + 10 = 5*a - y, -4*y = 5*a - 18. Let v be a/3 - 16/6. Let o be 6*(v + 24/9). Let f(q) = q. What is f(o)?
4
Let b(d) = -3*d**3 + 4*d**2 + 5*d + 1. Let n(t) = -6*t**3 + 9*t**2 + 11*t + 2. Let s(r) = -9*b(r) + 4*n(r). Give s(-1).
-3
Let a be ((-9)/(-15) - 1)*-5. Let v(x) = 9*x**2 - 1 + x**2 - a*x**2. Give v(1).
7
Let k(g) = -g**2 - g - 6. Suppose 1 = -5*m + j - 4, 4*j - 20 = -2*m. Determine k(m).
-6
Suppose 2*c = -9 - 3. Let m(v) = v + 3. Determine m(c).
-3
Let t(y) be the first derivative of y**3/3 - 5*y**2/2 + y - 4. Calculate t(3).
-5
Let i(x) be the third derivative of x**7/168 + x**5/60 - x**4/24 + x**3/6 - 2*x**2. Let u(o) be the first derivative of i(o). Determine u(1).
6
Let n be 0 - (3 + (-9)/3). Let s be 0/((5 - 2) + -1). Let f(k) = s*k**2 - 1 - k + k**2 - 3. Calculate f(n).
-4
Let r(o) = -o - 7. Suppose -4*i = -3*k + 39, 3*k + 49 = -5*i + 7*k. Give r(i).
2
Let p(i) be the first derivative of -1/2*i**2 - 5 + 0*i. Give p(-4).
4
Let s(h) = 6*h + 1. Let c(o) = -o**3 - o**2 + 2*o - 1. Let k be (8/(-12))/(2/6). Let u be c(k). Calculate s(u).
-5
Let a(s) = -s**2 + s + 1. Let r(q) = 2*q + 33. Let d be r(-17). Give a(d).
-1
Let f(l) = l**3 - 9*l**2 - l + 13. Let y be f(9). Let v(x) = -x**2 + 4*x + 2. Determine v(y).
2
Let y(d) = d**3 - 6*d**2 - 2*d**3 + d - 9 + 0*d**3 + 4. What is y(-6)?
-11
Let a(i) = 6*i**3 + 4*i**2 - i - 2. Let o(k) = -7*k**3 - 5*k**2 + 2*k + 3. Let m(d) = -4*a(d) - 3*o(d). Let n be (2/(-12 - -2))/((-29)/(-145)). Determine m(n).
3
Suppose 9 = i + 2*i. Let x be (i - (1 - -1))*1. Let p(d) = -d**3 + d - 6*d**3 + x + d**3. Calculate p(-1).
6
Let m(v) = v**2 + v + 1. Let q be m(-2). Let l(d) = d + 3. Give l(q).
6
Suppose 3*v - 10 = o - 3, 2*v = 2*o + 6. Let i(g) = 20 - 2*g**2 - 3*g**2 - 19. Calculate i(o).
-4
Let u(b) be the first derivative of b**4/4 + 4*b**3/3 + 5*b**2/2 + 3*b - 6. Give u(-3).
-3
Let n(u) = 15*u - 6. Let l(i) = 3*i - 1. Suppose 5*c = 8 + 2. Let b(q) = c*n(q) - 11*l(q). Calculate b(2).
-7
Let x(k) = -5*k**3 - 7*k + 4. Let j(f) = f**3 - f**2 + f - 1. Let b(a) = -4*j(a) - x(a). Calculate b(-2).
2
Suppose 4*l - 2*z = -0*l + 10, -l = -z. Suppose -l*i - 7 + 17 = 0. Let n(d) = d**3 - 4*d**2 + 2*d + 1. What is n(i)?
-3
Suppose -5*n = -2*c - 0*n - 18, -4*n + 15 = -c. Let x = c + 5. Let f(p) = -p**3 + 5*p**2 + 6*p + 3. Calculate f(x).
3
Let r(u) = -6*u - 35. Let t(f) = -2*f - 12. Let s(n) = 3*r(n) - 8*t(n). Suppose -10*y = -6*y + 24. What is s(y)?
3
Let c(b) = -b**3 - b**2 + 3*b + 3. Suppose -2*y = -y. Suppose d - 5*d = 0. Let k be (-2 - d)*(1 - y). Give c(k).
1
Let v(j) be the first derivative of j**4/24 - j**3/6 + j**2/2 + 2. Let y(c) be the second derivative of v(c). Determine y(3).
2
Suppose 2*v = -0*v - 2. Let x(i) = -i + 1. Let t(p) = 5*p**2 - 5*p + 2. Let y(g) = v*t(g) + 3*x(g). Determine y(-1).
-6
Let b be (-4)/((-2)/(2/2)). Let x(q) = q**2 - 2*q - 2. Give x(b).
-2
Let o(z) = 5*z**3 + 9*z**2 - 11*z + 6. Let y(i) = -2*i**3 - 3*i**2 + 4*i - 2. Let s(v) = -3*o(v) - 8*y(v). What is s(3)?
1
Suppose 0*h = -h + 7. Let a = h - 3. Let t(m) = -m**2 + 3*m + 1. What is t(a)?
-3
Let m(g) = -g**3 + 5*g**2 + g + 1. Let l be m(5). Let h(f) = 2*f. Give h(l).
12
Let l(c) = 2*c - 4. Let u(n) = -4*n + 9. Let q(f) = 5*l(f) + 2*u(f). Give q(-5).
-12
Let a(v) be the first derivative of -v**5/60 - v**4/3 - 7*v**3/6 - v**2/2 + 2. Let d(u) be the second derivative of a(u). What is d(-6)?
5
Let b = 2 - -1. Let r(w) = 4 - 147*w**2 + 145*w**2 - 5*w - 2*w**3 + 3*w**3. What is r(b)?
-2
Let p(s) be the third derivative of -s**4/12 - s**3/6 + 18*s**2. Give p(-5).
9
Let o(b) be the third derivativ